(-11 - n) + 4*7 a prime number?
False
Suppose 2*l + 5*u = 1, 3*l - 4*u = 8*l - 11. Suppose 0 = 6*w - l*w - 9. Suppose 488 = w*p - 49. Is p a composite number?
False
Suppose 817683 = 5*w - 2*p + 175340, -20 = 5*p. Is w prime?
True
Suppose -3*z - 3632 = -16733. Suppose -2*f + z = 681. Is f prime?
False
Suppose -513058 = 42*k - 68*k. Is k prime?
False
Suppose -5*g + 4*r + 799 = 0, 7*r - 342 = -2*g + 3*r. Suppose g = -4*m + 795. Is m prime?
False
Suppose 5*u + j - 158871 - 160630 = 0, 0 = -4*u + 3*j + 255616. Is u prime?
True
Let c(w) = 537*w + 4. Let o be c(5). Suppose 2*b - 2407 = -2*p + 273, -5*p = 2*b - o. Is b composite?
True
Let v(n) = 4*n + 4. Let g be v(4). Suppose 3*b = -2*b + g. Suppose -r + 16 = 3*r, 545 = 3*t - b*r. Is t a composite number?
True
Let u(i) = i**3 - 11*i**2 + 11*i - 12. Let s be u(10). Let g(c) = -85*c**3 + 2*c + 3. Is g(s) a composite number?
True
Suppose 12*f = 15*f - q - 55, -3*q = 4*f - 95. Is f/6*(-77424)/(-32) a prime number?
False
Suppose s = 2*m + 3*m - 3924, -1 = -s. Is m a composite number?
True
Let k(f) = -3*f + 100. Is k(-21) a prime number?
True
Suppose 2*q = -5 - 13. Is q/(-18) + (1733/2 - -2) a composite number?
True
Suppose -5*v = -9*v - t + 97757, 0 = -3*t + 3. Is v prime?
True
Suppose 13*y = 13447 + 7275. Is y composite?
True
Let h = -57 + 49. Is 1*2/1*(-2188)/h composite?
False
Suppose -203*q + 194*q + 10917 = 0. Is q prime?
True
Let a(p) = -36*p + 1. Suppose -u + 27 = 3*o, u + 18 = 2*o - 5. Let y = 7 - o. Is a(y) prime?
True
Let m(r) = 518*r**2 + 10*r + 6. Is m(-4) a composite number?
True
Let h(z) = -z**2 + 20*z + 8. Let t be h(13). Suppose m = 4*g + t, 4*m - 4*g - g - 341 = 0. Let s = 1076 - m. Is s a prime number?
True
Let c(t) = 3*t**2 + 2*t**2 + 2*t + 18*t**2 + 9 + t. Let n be ((-3)/(-3) - 0)*-4. Is c(n) prime?
False
Let r(b) = -b**2 + b - 2. Let s be r(0). Let l be s/4 - (-1005)/10. Let j = 211 + l. Is j a composite number?
False
Is ((-11)/2)/(5/(-7190)) a composite number?
True
Suppose -66402 = -24*w - 7530. Is w a prime number?
False
Let u = 14 - 10. Suppose -2*n + u*t = -0*n + 10, -3*n = -t. Is (n + -2)/(2/(-638)) composite?
True
Let w = -871 + 1226. Suppose -g + w = -4*z, -621 = -2*g + 3*z + 79. Is g a composite number?
False
Let r(u) = 45*u**3 - 6*u**2 + 9*u + 3. Is r(6) composite?
True
Suppose -5*b + 42 + 128 = 0. Let k = -27 + b. Suppose -10*d = -k*d - 447. Is d prime?
True
Let q be 368/60 - (-12)/(-90). Is 1399/(-2)*(4 - q) a prime number?
True
Let b = 629 + -292. Is b prime?
True
Let u = 54 + -52. Suppose -4*p - 4 = 0, 2*p + 5 = 3*c + 6*p. Suppose -c*f = -u*j - f + 140, 2*j - f - 135 = 0. Is j a prime number?
False
Let q(b) = -b**3 - 11*b**2 + 11*b - 12. Suppose -4*g = 0, -3*g - 36 = 3*h - 0*h. Let j be q(h). Suppose j = -5*r + 1030 + 265. Is r a prime number?
False
Let l = 8 + 41. Let k(n) = -111*n + 1. Let m be k(-2). Suppose 4*p + g = m, 0*p - 2*g = -p + l. Is p a composite number?
True
Suppose -b - 15 = -4*v, 2*b - 3*v = -3*b + 10. Suppose -2*z = -3*q - 6 + 434, q = b*z + 147. Suppose -3*i + q = 4*k, 2*i = -k - k + 70. Is k a prime number?
True
Is 1*(3 + 2100 - -8) composite?
False
Let x(l) = -l**2 + 7*l - 4. Let k be x(6). Suppose 0 = -2*c - j + 2 + 3, -3*j + 11 = 4*c. Is 53*c/4*k a prime number?
True
Suppose 129*f = 131*f - 130478. Is f composite?
False
Suppose -2964 - 8841 = -15*s. Is s a composite number?
False
Suppose -74*c + 67*c = -10157. Is c composite?
False
Is 1710 - (3/12 - 0)*4 composite?
False
Let a = 67 - 74. Let s(m) = -126*m - 5. Is s(a) a composite number?
False
Let u = 91 - 89. Suppose u*l + 4*f = -l + 481, 4*l = -3*f + 646. Is l a prime number?
True
Let g = 51 + -47. Suppose -m + 3*m - 4 = 0. Suppose -5*s = g*o - s - 84, -3*o - m*s = -63. Is o prime?
False
Suppose 0 = -4*u + 5*u + 458. Let o(w) = -7*w + 3. Let f be o(6). Let y = f - u. Is y prime?
True
Let a(b) = 3*b**2 + 39*b - 145. Is a(33) prime?
True
Suppose -2*g + 12 = -0. Suppose g = r + r. Suppose 6*u = r*u + 57. Is u a prime number?
True
Let s(f) = 19*f**2 + 1. Let x be s(7). Let l = 1761 - x. Is l a prime number?
True
Let y be 0 + (-5)/(5/79). Let l = y + 144. Is l prime?
False
Let a(q) = 27*q**2 - 12*q - 8. Let y be a(-6). Suppose 0 = b + 3*b - y. Is b a composite number?
True
Is (-702831)/(-17) + (1 - 3) a composite number?
False
Let o = 57 + -31. Let x = o - 21. Suppose w + 4*a = -3*w + 5656, 5*w = x*a + 7020. Is w composite?
False
Let m(n) = -20*n**3 - 2*n**2 - 9*n - 5. Is m(-4) composite?
False
Let w = -520 + 9593. Is w a composite number?
True
Suppose -5203 = -5*x + 7*d - 3*d, -4146 = -4*x - 5*d. Is x a prime number?
True
Suppose 3*l - 2*u - 3*u + 40 = 0, 2*l - 4*u + 30 = 0. Is l/(-15) + (-392)/(-3) a composite number?
False
Let x = 74 + -34. Suppose x*l - 41*l + 785 = 0. Is l a composite number?
True
Is (-380 - (-2)/(-1))/(188/(-1034)) a prime number?
False
Is -5*3/(-90) + 253059/18 composite?
True
Suppose -q - 15003 = -k + 53992, -5*q - 10 = 0. Is k a prime number?
True
Suppose 2*w - 4 + 6 = 0. Let y be w/((-3)/(-3 - -18)). Suppose 0 = y*a - a - 628. Is a composite?
False
Let j(g) = 7*g**2 - 1. Let l be -10 + ((-4)/(-4))/(-1). Let n = -8 - l. Is j(n) composite?
True
Let l(n) be the third derivative of n**4/2 + 13*n**3/6 + 30*n**2. Is l(9) a prime number?
False
Suppose -i = 4*i + 20. Is (1148 + 3)*i/(-4) composite?
False
Let a(f) = 28*f**2 - 6*f + 93. Is a(-15) a composite number?
True
Let f be 42/11 - 4/(-22). Is (-4 + -5410)*(-2)/f a composite number?
False
Suppose 4*s + 6*s = 5710. Suppose -962 = -7*a + s. Is a prime?
False
Suppose 1156 = a + k - 183, -4*k = 5*a - 6696. Is (-6)/4*a/(-10) prime?
False
Suppose u = 2511 + 6292. Is u a prime number?
True
Let c = 10 - 5. Suppose -322 = -2*k + a + a, -c*k = a - 781. Is k a composite number?
False
Suppose 0 = -h - 6 - 6. Let f be 26/4 - (-6)/h. Is (-177)/(-2) + (-9)/f composite?
True
Let w be 2/(-3 - 75/(-24)). Let l = -11 + w. Suppose 2*z - v - 319 = 0, 4*z = l*v + 287 + 354. Is z prime?
False
Suppose 2*c - 24 = -b, -2*c = -5*b + 44 + 28. Let u = 22 - b. Is -166*(1 + u/(-4)) prime?
True
Let s(v) = -3*v - 2. Let p be s(-2). Suppose 0 = 4*a + a - 5, p*h - 2881 = -a. Suppose 5*r - h = -235. Is r a composite number?
False
Suppose 4*f = -p + 12, -f - 2*f + 9 = 0. Suppose -s - 4*j + 255 = p, 5*s - 3*j - 855 - 328 = 0. Is s prime?
True
Suppose 0 = d + o - 3, 3*d + 7 = 4*o - 5. Suppose d = 7*g - 6*g - 449. Is g a prime number?
True
Suppose 3*j + 5834 = -0*a + 2*a, -3*a = 5*j - 8713. Is a composite?
True
Let z(n) be the third derivative of 7865*n**4/24 + n**3/3 + 39*n**2. Is z(1) composite?
False
Suppose 22552 = 21*h - 13*h. Is h a prime number?
True
Let x(f) = 15*f**3 - 2*f**2 - 11*f + 3. Is x(10) composite?
True
Let a(m) = 7*m**3 + 11*m**2 - 30*m - 21. Is a(9) prime?
False
Suppose -27 = 4*y - 35. Let n be (y + -3)*(0 - 4). Is (n - -319) + 3 + 1 prime?
False
Let d(t) = 9*t**2 - 45*t + 123. Is d(15) prime?
False
Suppose s = 5, 6056 = 2*t + s - 3511. Is t composite?
True
Suppose 4*x + x + 6 = h, -5*h + 30 = x. Suppose -1306 = -h*r + 4*r. Is r prime?
True
Suppose -3*g = -5*j - 0*g + 3, -5*j = 2*g + 2. Suppose 2 = -p - j. Let b(h) = 47*h**2 - 3*h - 3. Is b(p) prime?
True
Suppose -2007 = -4*h + d, -5*d = 5*h - 7*h + 981. Let g = 1674 - h. Is g a composite number?
False
Is 59237 - (11 - 77/11) composite?
False
Suppose -10 = -3*u + 5. Let l = -267 - -565. Suppose 7*m - l = u*m. Is m composite?
False
Is (-69 + 72)*17638/6 composite?
False
Let v(g) = 164*g**2 + 1. Let t(x) = -x**3 - 1. Let q be t(0). Let a be v(q). Suppose f = -2*f + a. Is f a composite number?
True
Suppose 0 = 5*d - 15453 - 20152. Is d prime?
True
Let x(c) = 22 + 12 + 5*c + 15*c. Is x(15) a composite number?
True
Suppose -5*d + 25 = -35. Suppose 0 = -3*q + 5*q + 5*g - 11, -3*q - 3*g + d = 0. Suppose -q*x - 54 = -309. Is x prime?
False
Suppose -g = -5*f + 15, -5*g - 2*f - 3 = -63. Let z(x) = x**3 - 10*x**2 + x - 14. Let r be z(g). Is r/2*382/(-4) a prime number?
True
Let o(f) = f**3 + 15*f**2 + 13*f - 11. Let s be o(-14). Suppose -4*i = -2*p - 2*p - 32252, s*p + 16124 = 2*i. Is i composite?
True
Suppose 0 = 5*u - 2*u + 30. Let v be (536/u)/((-7)/70). Let n = v + -199. Is n prime?
True
Let q(p) = -176*p**3 + 10*p**2 - 26*p - 31. Is q(-8) a prime number?
False
Suppose -156 = 4*a - 804. Is 2 - a*(-39